{"id":1642,"date":"2022-01-22T11:49:12","date_gmt":"2022-01-22T10:49:12","guid":{"rendered":"http:\/\/www.dieparteifreien.at\/?page_id=1642"},"modified":"2022-01-22T11:49:33","modified_gmt":"2022-01-22T10:49:33","slug":"videos-aus-dem-gemeinderat","status":"publish","type":"page","link":"http:\/\/www.dieparteifreien.at\/?page_id=1642","title":{"rendered":"Reden im Gemeinderat"},"content":{"rendered":"\n<p>Unser B\u00fcrgermeister und unsere bisherigen Mandatar:innen treten im Gemeinderat immer wieder in Aktion und \u00e4u\u00dfern sich mit Expertise und Leidenschaft zu den Themen, die die Stadt bewegen. Hier ein paar Ausschnitte.<\/p>\n\n\n\n<div class=\"wp-block-columns is-layout-flex wp-container-core-columns-is-layout-9d6595d7 wp-block-columns-is-layout-flex\">\n<div class=\"wp-block-column is-layout-flow wp-block-column-is-layout-flow\">\n<figure class=\"wp-block-embed is-type-video is-provider-youtube wp-block-embed-youtube wp-embed-aspect-16-9 wp-has-aspect-ratio\"><div class=\"wp-block-embed__wrapper\">\n<iframe loading=\"lazy\" title=\"Budget-Gemeinderatssitzung der Gemeinde Kufstein Dezember 2021\" width=\"910\" height=\"512\" src=\"https:\/\/www.youtube.com\/embed\/fMGpXr6w2XM?start=12835&#038;feature=oembed\" frameborder=\"0\" allow=\"accelerometer; autoplay; clipboard-write; encrypted-media; gyroscope; picture-in-picture\" allowfullscreen><\/iframe>\n<\/div><figcaption>Dez 21:Stellungnahme des B\u00fcrgermeisters auf die Argumente der Opposition gegen das Budget 2022<\/figcaption><\/figure>\n\n\n\n<figure class=\"wp-block-embed is-type-video is-provider-youtube wp-block-embed-youtube wp-embed-aspect-16-9 wp-has-aspect-ratio\"><div class=\"wp-block-embed__wrapper\">\n<iframe loading=\"lazy\" title=\"Budget-Gemeinderatssitzung der Gemeinde Kufstein Dezember 2021\" width=\"910\" height=\"512\" src=\"https:\/\/www.youtube.com\/embed\/fMGpXr6w2XM?start=7322&#038;feature=oembed\" frameborder=\"0\" allow=\"accelerometer; autoplay; clipboard-write; encrypted-media; gyroscope; picture-in-picture\" allowfullscreen><\/iframe>\n<\/div><figcaption>Dez 21: Budgetrede des B\u00fcrgermeister<\/figcaption><\/figure>\n\n\n\n<figure class=\"wp-block-embed is-type-video is-provider-youtube wp-block-embed-youtube wp-embed-aspect-16-9 wp-has-aspect-ratio\"><div class=\"wp-block-embed__wrapper\">\n<iframe loading=\"lazy\" title=\"Budget-Gemeinderatssitzung der Gemeinde Kufstein Dezember 2021\" width=\"910\" height=\"512\" src=\"https:\/\/www.youtube.com\/embed\/fMGpXr6w2XM?start=11660&#038;feature=oembed\" frameborder=\"0\" allow=\"accelerometer; autoplay; clipboard-write; encrypted-media; gyroscope; picture-in-picture\" allowfullscreen><\/iframe>\n<\/div><figcaption>Dez 21: Rede von Horst Steiner zum Budget 2022<\/figcaption><\/figure>\n<\/div>\n\n\n\n<div class=\"wp-block-column is-layout-flow wp-block-column-is-layout-flow\">\n<figure class=\"wp-block-embed is-type-video is-provider-youtube wp-block-embed-youtube wp-embed-aspect-16-9 wp-has-aspect-ratio\"><div class=\"wp-block-embed__wrapper\">\n<iframe loading=\"lazy\" title=\"Gemeinderatssitzung der Gemeinde Kufstein November 2021\" width=\"910\" height=\"512\" src=\"https:\/\/www.youtube.com\/embed\/MOqyvQHvpc0?start=1964&#038;feature=oembed\" frameborder=\"0\" allow=\"accelerometer; autoplay; clipboard-write; encrypted-media; gyroscope; picture-in-picture\" allowfullscreen><\/iframe>\n<\/div><figcaption>Nov 21: Rede von Brigitta Klein zur geplanten Kindergartengruppe im Altenheim Zell<\/figcaption><\/figure>\n\n\n\n<figure class=\"wp-block-embed is-type-video is-provider-youtube wp-block-embed-youtube wp-embed-aspect-16-9 wp-has-aspect-ratio\"><div class=\"wp-block-embed__wrapper\">\n<iframe loading=\"lazy\" title=\"Budget-Gemeinderatssitzung der Gemeinde Kufstein Dezember 2021\" width=\"910\" height=\"512\" src=\"https:\/\/www.youtube.com\/embed\/fMGpXr6w2XM?start=11851&#038;feature=oembed\" frameborder=\"0\" allow=\"accelerometer; autoplay; clipboard-write; encrypted-media; gyroscope; picture-in-picture\" allowfullscreen><\/iframe>\n<\/div><figcaption>Dez 21: Rede von Kulturreferent Klaus Reitberger zum Budget 2022<\/figcaption><\/figure>\n\n\n\n<figure class=\"wp-block-embed is-type-video is-provider-youtube wp-block-embed-youtube wp-embed-aspect-16-9 wp-has-aspect-ratio\"><div class=\"wp-block-embed__wrapper\">\n<iframe loading=\"lazy\" title=\"Budget-Gemeinderatssitzung der Gemeinde Kufstein Dezember 2021\" width=\"910\" height=\"512\" src=\"https:\/\/www.youtube.com\/embed\/fMGpXr6w2XM?start=12683&#038;feature=oembed\" frameborder=\"0\" allow=\"accelerometer; autoplay; clipboard-write; encrypted-media; gyroscope; picture-in-picture\" allowfullscreen><\/iframe>\n<\/div><figcaption>Rede von Stefan Hohenauer zum Budget 2022<\/figcaption><\/figure>\n<\/div>\n<\/div>\n","protected":false},"excerpt":{"rendered":"<p>Unser B\u00fcrgermeister und unsere bisherigen Mandatar:innen treten im Gemeinderat immer<\/p>\n","protected":false},"author":2,"featured_media":0,"parent":0,"menu_order":0,"comment_status":"closed","ping_status":"closed","template":"","meta":{"footnotes":""},"class_list":["post-1642","page","type-page","status-publish","hentry","comments-off"],"_links":{"self":[{"href":"http:\/\/www.dieparteifreien.at\/index.php?rest_route=\/wp\/v2\/pages\/1642","targetHints":{"allow":["GET"]}}],"collection":[{"href":"http:\/\/www.dieparteifreien.at\/index.php?rest_route=\/wp\/v2\/pages"}],"about":[{"href":"http:\/\/www.dieparteifreien.at\/index.php?rest_route=\/wp\/v2\/types\/page"}],"author":[{"embeddable":true,"href":"http:\/\/www.dieparteifreien.at\/index.php?rest_route=\/wp\/v2\/users\/2"}],"replies":[{"embeddable":true,"href":"http:\/\/www.dieparteifreien.at\/index.php?rest_route=%2Fwp%2Fv2%2Fcomments&post=1642"}],"version-history":[{"count":2,"href":"http:\/\/www.dieparteifreien.at\/index.php?rest_route=\/wp\/v2\/pages\/1642\/revisions"}],"predecessor-version":[{"id":1647,"href":"http:\/\/www.dieparteifreien.at\/index.php?rest_route=\/wp\/v2\/pages\/1642\/revisions\/1647"}],"wp:attachment":[{"href":"http:\/\/www.dieparteifreien.at\/index.php?rest_route=%2Fwp%2Fv2%2Fmedia&parent=1642"}],"curies":[{"name":"wp","href":"https:\/\/api.w.org\/{rel}","templated":true}]}}

<p>Unser Bürgermeister und unsere bisherigen Mandatar:innen treten im Gemeinderat immer wieder in Aktion und äußern sich mit Expertise und Leidenschaft zu den Themen, die die Stadt bewegen. Hier ein paar Ausschnitte.</p>



<div class="wp-block-columns is-layout-flex wp-container-core-columns-is-layout-9d6595d7 wp-block-columns-is-layout-flex">
<div class="wp-block-column is-layout-flow wp-block-column-is-layout-flow">
<figure class="wp-block-embed is-type-video is-provider-youtube wp-block-embed-youtube wp-embed-aspect-16-9 wp-has-aspect-ratio"><div class="wp-block-embed__wrapper">
<iframe loading="lazy" title="Budget-Gemeinderatssitzung der Gemeinde Kufstein Dezember 2021" width="910" height="512" src="https://www.youtube.com/embed/fMGpXr6w2XM?start=12835&#038;feature=oembed" frameborder="0" allow="accelerometer; autoplay; clipboard-write; encrypted-media; gyroscope; picture-in-picture" allowfullscreen></iframe>
</div><figcaption>Dez 21:Stellungnahme des Bürgermeisters auf die Argumente der Opposition gegen das Budget 2022</figcaption></figure>



<figure class="wp-block-embed is-type-video is-provider-youtube wp-block-embed-youtube wp-embed-aspect-16-9 wp-has-aspect-ratio"><div class="wp-block-embed__wrapper">
<iframe loading="lazy" title="Budget-Gemeinderatssitzung der Gemeinde Kufstein Dezember 2021" width="910" height="512" src="https://www.youtube.com/embed/fMGpXr6w2XM?start=7322&#038;feature=oembed" frameborder="0" allow="accelerometer; autoplay; clipboard-write; encrypted-media; gyroscope; picture-in-picture" allowfullscreen></iframe>
</div><figcaption>Dez 21: Budgetrede des Bürgermeister</figcaption></figure>



<figure class="wp-block-embed is-type-video is-provider-youtube wp-block-embed-youtube wp-embed-aspect-16-9 wp-has-aspect-ratio"><div class="wp-block-embed__wrapper">
<iframe loading="lazy" title="Budget-Gemeinderatssitzung der Gemeinde Kufstein Dezember 2021" width="910" height="512" src="https://www.youtube.com/embed/fMGpXr6w2XM?start=11660&#038;feature=oembed" frameborder="0" allow="accelerometer; autoplay; clipboard-write; encrypted-media; gyroscope; picture-in-picture" allowfullscreen></iframe>
</div><figcaption>Dez 21: Rede von Horst Steiner zum Budget 2022</figcaption></figure>
</div>



<div class="wp-block-column is-layout-flow wp-block-column-is-layout-flow">
<figure class="wp-block-embed is-type-video is-provider-youtube wp-block-embed-youtube wp-embed-aspect-16-9 wp-has-aspect-ratio"><div class="wp-block-embed__wrapper">
<iframe loading="lazy" title="Gemeinderatssitzung der Gemeinde Kufstein November 2021" width="910" height="512" src="https://www.youtube.com/embed/MOqyvQHvpc0?start=1964&#038;feature=oembed" frameborder="0" allow="accelerometer; autoplay; clipboard-write; encrypted-media; gyroscope; picture-in-picture" allowfullscreen></iframe>
</div><figcaption>Nov 21: Rede von Brigitta Klein zur geplanten Kindergartengruppe im Altenheim Zell</figcaption></figure>



<figure class="wp-block-embed is-type-video is-provider-youtube wp-block-embed-youtube wp-embed-aspect-16-9 wp-has-aspect-ratio"><div class="wp-block-embed__wrapper">
<iframe loading="lazy" title="Budget-Gemeinderatssitzung der Gemeinde Kufstein Dezember 2021" width="910" height="512" src="https://www.youtube.com/embed/fMGpXr6w2XM?start=11851&#038;feature=oembed" frameborder="0" allow="accelerometer; autoplay; clipboard-write; encrypted-media; gyroscope; picture-in-picture" allowfullscreen></iframe>
</div><figcaption>Dez 21: Rede von Kulturreferent Klaus Reitberger zum Budget 2022</figcaption></figure>



<figure class="wp-block-embed is-type-video is-provider-youtube wp-block-embed-youtube wp-embed-aspect-16-9 wp-has-aspect-ratio"><div class="wp-block-embed__wrapper">
<iframe loading="lazy" title="Budget-Gemeinderatssitzung der Gemeinde Kufstein Dezember 2021" width="910" height="512" src="https://www.youtube.com/embed/fMGpXr6w2XM?start=12683&#038;feature=oembed" frameborder="0" allow="accelerometer; autoplay; clipboard-write; encrypted-media; gyroscope; picture-in-picture" allowfullscreen></iframe>
</div><figcaption>Rede von Stefan Hohenauer zum Budget 2022</figcaption></figure>
</div>
</div>

<p>Unser Bürgermeister und unsere bisherigen Mandatar:innen treten im Gemeinderat immer</p>
